{"id":1332,"date":"2023-03-27T14:08:31","date_gmt":"2023-03-27T14:08:31","guid":{"rendered":"https:\/\/hallenprofi.com\/?page_id=1332"},"modified":"2024-07-11T13:52:04","modified_gmt":"2024-07-11T13:52:04","slug":"impressum","status":"publish","type":"page","link":"https:\/\/hallenprofi.com\/?page_id=1332","title":{"rendered":"Impressum"},"content":{"rendered":"<div class=\"container\" style=\"padding-top:5rem;\">\n<h1>Hallenprofi &#8211; Impressum \/ Datenschutz \/ AGB<\/h1>\n<p style=\"font-weight:bold;\">Kontaktadresse:<\/p>\n<p>STAHL &#038; HALLEN PROFI OG<br \/>\nGunzing 4<br \/>\n4923  Ried im Innkreis<br \/>\nMobil: 0676 \/ 73 56 400<\/p>\n<p>UID Nr. : ATU73371148<br \/>\nFirmenbuchnr.: FN 493730 z<br \/>\nE-Mail: office@hallenprofi.at<br \/>\nWeb: www.hallenprofi.at<\/p>\n<h3>Nutzungsbedingungen<\/h3>\n<p>\nLinks auf die Internet-Seiten von Dritten sind nicht unter unserer Kontrolle und wir sind f\u00fcr deren Inhalt nicht verantwortlich. Diese Links sind nur als Unterst\u00fctzung f\u00fcr den Betrachter gedacht. Wir m\u00f6chten<br \/>\nnicht den Eindruck erwecken, der Inhalt dieser Seiten sei Teil unserer Internet-Pr\u00e4sentation.<\/p>\n<p>Die Bilder auf dieser Webseite sind urheberrechtlich gesch\u00fctzt. Die Vervielf\u00e4ltigung, Versendung oder Verwendung jeglicher Art ist vom Urheberrechtsinhaber untersagt. Zuwiderhandlungen werden zivil- und strafrechtlich verfolgt.<\/p>\n<p>F\u00fcr deren Richtigkeit, Funktionalit\u00e4t und Aktualit\u00e4t der auf der Webseite angebotenen Daten \u00fcbernehmen wir keine Haftung. Jegliche Haftung f\u00fcr direkte oder indirekte Sch\u00e4den durch die Verwendung sind ausgeschlossen. Dies schlie\u00dft auch Datenverlust und entgangenen Gewinn mit ein. Durch den Download stimmt der Benutzer unseren allgemeinen Gesch\u00e4ftsbedingungen und Lizenzvereinbarungen zu.<\/p>\n<\/div>\n","protected":false},"excerpt":{"rendered":"<p>Hallenprofi &#8211; Impressum \/ Datenschutz \/ AGB Kontaktadresse: STAHL &#038; HALLEN PROFI OG Gunzing 4 4923 Ried im Innkreis Mobil: 0676 \/ 73 56 400 UID Nr. : ATU73371148 Firmenbuchnr.: FN 493730 z E-Mail: office@hallenprofi.at Web: www.hallenprofi.at Nutzungsbedingungen Links auf die Internet-Seiten von Dritten sind nicht unter unserer Kontrolle und wir sind f\u00fcr deren Inhalt [&hellip;]<\/p>\n","protected":false},"author":1,"featured_media":0,"parent":0,"menu_order":0,"comment_status":"closed","ping_status":"closed","template":"fullwidth.php","meta":{"footnotes":""},"yoast_head":"<!-- This site is optimized with the Yoast SEO plugin v22.6 - https:\/\/yoast.com\/wordpress\/plugins\/seo\/ -->\n<title>Impressum<\/title>\n<meta name=\"description\" content=\"Ihr Ansprechpartner f\u00fcr Hallenbau und Stahlbau! Wir planen, produzieren und montieren verschiedene Hallensysteme.\" \/>\n<meta name=\"robots\" content=\"noindex, follow\" \/>\n<meta property=\"og:locale\" content=\"de_DE\" \/>\n<meta property=\"og:type\" content=\"article\" \/>\n<meta property=\"og:title\" content=\"Hallenprofi - Impressum\" \/>\n<meta property=\"og:description\" content=\"Ihr Ansprechpartner f\u00fcr Hallenbau und Stahlbau! Wir planen, produzieren und montieren verschiedene Hallensysteme.\" \/>\n<meta property=\"og:url\" content=\"https:\/\/hallenprofi.com\/?page_id=1332\" \/>\n<meta property=\"og:site_name\" content=\"Hallenprofi\" \/>\n<meta property=\"article:publisher\" content=\"https:\/\/www.facebook.com\/profile.php?id=100092280856640\" \/>\n<meta property=\"article:modified_time\" content=\"2024-07-11T13:52:04+00:00\" \/>\n<meta property=\"og:image\" content=\"https:\/\/hallenprofi.com\/wp-content\/uploads\/2023\/04\/hallenprofi_social.jpg\" \/>\n\t<meta property=\"og:image:width\" content=\"800\" \/>\n\t<meta property=\"og:image:height\" content=\"413\" \/>\n\t<meta property=\"og:image:type\" content=\"image\/jpeg\" \/>\n<meta name=\"twitter:card\" content=\"summary_large_image\" \/>\n<meta name=\"twitter:title\" content=\"Hallenprofi - Impressum\" \/>\n<meta name=\"twitter:description\" content=\"Ihr Ansprechpartner f\u00fcr Hallenbau und Stahlbau! Wir planen, produzieren und montieren verschiedene Hallensysteme.\" \/>\n<meta name=\"twitter:label1\" content=\"Gesch\u00e4tzte Lesezeit\" \/>\n\t<meta name=\"twitter:data1\" content=\"1\u00a0Minute\" \/>\n<script type=\"application\/ld+json\" class=\"yoast-schema-graph\">{\"@context\":\"https:\/\/schema.org\",\"@graph\":[{\"@type\":\"WebPage\",\"@id\":\"https:\/\/hallenprofi.com\/?page_id=1332\",\"url\":\"https:\/\/hallenprofi.com\/?page_id=1332\",\"name\":\"Impressum\",\"isPartOf\":{\"@id\":\"https:\/\/hallenprofi.com\/#website\"},\"datePublished\":\"2023-03-27T14:08:31+00:00\",\"dateModified\":\"2024-07-11T13:52:04+00:00\",\"description\":\"Ihr Ansprechpartner f\u00fcr Hallenbau und Stahlbau! Wir planen, produzieren und montieren verschiedene Hallensysteme.\",\"breadcrumb\":{\"@id\":\"https:\/\/hallenprofi.com\/?page_id=1332#breadcrumb\"},\"inLanguage\":\"de\",\"potentialAction\":[{\"@type\":\"ReadAction\",\"target\":[\"https:\/\/hallenprofi.com\/?page_id=1332\"]}]},{\"@type\":\"BreadcrumbList\",\"@id\":\"https:\/\/hallenprofi.com\/?page_id=1332#breadcrumb\",\"itemListElement\":[{\"@type\":\"ListItem\",\"position\":1,\"name\":\"Startseite\",\"item\":\"https:\/\/hallenprofi.com\/\"},{\"@type\":\"ListItem\",\"position\":2,\"name\":\"Impressum\"}]},{\"@type\":\"WebSite\",\"@id\":\"https:\/\/hallenprofi.com\/#website\",\"url\":\"https:\/\/hallenprofi.com\/\",\"name\":\"Hallenprofi\",\"description\":\"Hallenbau, Stahlbau, Planenhallen, Leichtbauhallen, Gewerbehallen,\u2026\",\"publisher\":{\"@id\":\"https:\/\/hallenprofi.com\/#organization\"},\"alternateName\":\"Hallenprofi\",\"potentialAction\":[{\"@type\":\"SearchAction\",\"target\":{\"@type\":\"EntryPoint\",\"urlTemplate\":\"https:\/\/hallenprofi.com\/?s={search_term_string}\"},\"query-input\":\"required name=search_term_string\"}],\"inLanguage\":\"de\"},{\"@type\":\"Organization\",\"@id\":\"https:\/\/hallenprofi.com\/#organization\",\"name\":\"Hallenprofi\",\"alternateName\":\"Stahl & Hallen Profi GmbH\",\"url\":\"https:\/\/hallenprofi.com\/\",\"logo\":{\"@type\":\"ImageObject\",\"inLanguage\":\"de\",\"@id\":\"https:\/\/hallenprofi.com\/#\/schema\/logo\/image\/\",\"url\":\"https:\/\/hallenprofi.com\/wp-content\/uploads\/2023\/04\/hallenprofi_social.jpg\",\"contentUrl\":\"https:\/\/hallenprofi.com\/wp-content\/uploads\/2023\/04\/hallenprofi_social.jpg\",\"width\":800,\"height\":413,\"caption\":\"Hallenprofi\"},\"image\":{\"@id\":\"https:\/\/hallenprofi.com\/#\/schema\/logo\/image\/\"},\"sameAs\":[\"https:\/\/www.facebook.com\/profile.php?id=100092280856640\"]}]}<\/script>\n<!-- \/ Yoast SEO plugin. -->","yoast_head_json":{"title":"Impressum","description":"Ihr Ansprechpartner f\u00fcr Hallenbau und Stahlbau! Wir planen, produzieren und montieren verschiedene Hallensysteme.","robots":{"index":"noindex","follow":"follow"},"og_locale":"de_DE","og_type":"article","og_title":"Hallenprofi - Impressum","og_description":"Ihr Ansprechpartner f\u00fcr Hallenbau und Stahlbau! Wir planen, produzieren und montieren verschiedene Hallensysteme.","og_url":"https:\/\/hallenprofi.com\/?page_id=1332","og_site_name":"Hallenprofi","article_publisher":"https:\/\/www.facebook.com\/profile.php?id=100092280856640","article_modified_time":"2024-07-11T13:52:04+00:00","og_image":[{"width":800,"height":413,"url":"https:\/\/hallenprofi.com\/wp-content\/uploads\/2023\/04\/hallenprofi_social.jpg","type":"image\/jpeg"}],"twitter_card":"summary_large_image","twitter_title":"Hallenprofi - Impressum","twitter_description":"Ihr Ansprechpartner f\u00fcr Hallenbau und Stahlbau! Wir planen, produzieren und montieren verschiedene Hallensysteme.","twitter_misc":{"Gesch\u00e4tzte Lesezeit":"1\u00a0Minute"},"schema":{"@context":"https:\/\/schema.org","@graph":[{"@type":"WebPage","@id":"https:\/\/hallenprofi.com\/?page_id=1332","url":"https:\/\/hallenprofi.com\/?page_id=1332","name":"Impressum","isPartOf":{"@id":"https:\/\/hallenprofi.com\/#website"},"datePublished":"2023-03-27T14:08:31+00:00","dateModified":"2024-07-11T13:52:04+00:00","description":"Ihr Ansprechpartner f\u00fcr Hallenbau und Stahlbau! Wir planen, produzieren und montieren verschiedene Hallensysteme.","breadcrumb":{"@id":"https:\/\/hallenprofi.com\/?page_id=1332#breadcrumb"},"inLanguage":"de","potentialAction":[{"@type":"ReadAction","target":["https:\/\/hallenprofi.com\/?page_id=1332"]}]},{"@type":"BreadcrumbList","@id":"https:\/\/hallenprofi.com\/?page_id=1332#breadcrumb","itemListElement":[{"@type":"ListItem","position":1,"name":"Startseite","item":"https:\/\/hallenprofi.com\/"},{"@type":"ListItem","position":2,"name":"Impressum"}]},{"@type":"WebSite","@id":"https:\/\/hallenprofi.com\/#website","url":"https:\/\/hallenprofi.com\/","name":"Hallenprofi","description":"Hallenbau, Stahlbau, Planenhallen, Leichtbauhallen, Gewerbehallen,\u2026","publisher":{"@id":"https:\/\/hallenprofi.com\/#organization"},"alternateName":"Hallenprofi","potentialAction":[{"@type":"SearchAction","target":{"@type":"EntryPoint","urlTemplate":"https:\/\/hallenprofi.com\/?s={search_term_string}"},"query-input":"required name=search_term_string"}],"inLanguage":"de"},{"@type":"Organization","@id":"https:\/\/hallenprofi.com\/#organization","name":"Hallenprofi","alternateName":"Stahl & Hallen Profi GmbH","url":"https:\/\/hallenprofi.com\/","logo":{"@type":"ImageObject","inLanguage":"de","@id":"https:\/\/hallenprofi.com\/#\/schema\/logo\/image\/","url":"https:\/\/hallenprofi.com\/wp-content\/uploads\/2023\/04\/hallenprofi_social.jpg","contentUrl":"https:\/\/hallenprofi.com\/wp-content\/uploads\/2023\/04\/hallenprofi_social.jpg","width":800,"height":413,"caption":"Hallenprofi"},"image":{"@id":"https:\/\/hallenprofi.com\/#\/schema\/logo\/image\/"},"sameAs":["https:\/\/www.facebook.com\/profile.php?id=100092280856640"]}]}},"_links":{"self":[{"href":"https:\/\/hallenprofi.com\/index.php?rest_route=\/wp\/v2\/pages\/1332"}],"collection":[{"href":"https:\/\/hallenprofi.com\/index.php?rest_route=\/wp\/v2\/pages"}],"about":[{"href":"https:\/\/hallenprofi.com\/index.php?rest_route=\/wp\/v2\/types\/page"}],"author":[{"embeddable":true,"href":"https:\/\/hallenprofi.com\/index.php?rest_route=\/wp\/v2\/users\/1"}],"replies":[{"embeddable":true,"href":"https:\/\/hallenprofi.com\/index.php?rest_route=%2Fwp%2Fv2%2Fcomments&post=1332"}],"version-history":[{"count":4,"href":"https:\/\/hallenprofi.com\/index.php?rest_route=\/wp\/v2\/pages\/1332\/revisions"}],"predecessor-version":[{"id":1513,"href":"https:\/\/hallenprofi.com\/index.php?rest_route=\/wp\/v2\/pages\/1332\/revisions\/1513"}],"wp:attachment":[{"href":"https:\/\/hallenprofi.com\/index.php?rest_route=%2Fwp%2Fv2%2Fmedia&parent=1332"}],"curies":[{"name":"wp","href":"https:\/\/api.w.org\/{rel}","templated":true}]}}